{"id":2621,"date":"2026-02-16T20:22:49","date_gmt":"2026-02-16T20:22:49","guid":{"rendered":"https:\/\/maitripa.org\/library\/?page_id=2621"},"modified":"2026-02-16T20:22:49","modified_gmt":"2026-02-16T20:22:49","slug":"six-session-guru-yoga-and-highest-yoga-tantra-empowerment","status":"publish","type":"page","link":"https:\/\/maitripa.org\/library\/subject-guides\/six-session-guru-yoga-and-highest-yoga-tantra-empowerment\/","title":{"rendered":"Six-Session Guru Yoga and Highest Yoga Tantra Empowerment"},"content":{"rendered":"<p><div class=\"fusion-fullwidth fullwidth-box fusion-builder-row-1 fusion-flex-container has-pattern-background has-mask-background nonhundred-percent-fullwidth non-hundred-percent-height-scrolling\" style=\"--awb-border-radius-top-left:0px;--awb-border-radius-top-right:0px;--awb-border-radius-bottom-right:0px;--awb-border-radius-bottom-left:0px;--awb-flex-wrap:wrap;\" ><div class=\"fusion-builder-row fusion-row fusion-flex-align-items-flex-start fusion-flex-content-wrap\" style=\"max-width:104%;margin-left: calc(-4% \/ 2 );margin-right: calc(-4% \/ 2 );\"><div class=\"fusion-layout-column fusion_builder_column fusion-builder-column-0 fusion_builder_column_1_1 1_1 fusion-flex-column\" style=\"--awb-bg-size:cover;--awb-width-large:100%;--awb-margin-top-large:0px;--awb-spacing-right-large:1.92%;--awb-margin-bottom-large:10px;--awb-spacing-left-large:1.92%;--awb-width-medium:100%;--awb-order-medium:0;--awb-spacing-right-medium:1.92%;--awb-spacing-left-medium:1.92%;--awb-width-small:100%;--awb-order-small:0;--awb-spacing-right-small:1.92%;--awb-spacing-left-small:1.92%;\"><div class=\"fusion-column-wrapper fusion-column-has-shadow fusion-flex-justify-content-flex-start fusion-content-layout-column\"><div class=\"fusion-text fusion-text-1\"><blockquote>\n<p>&nbsp;Six Session Guru Yoga and its commentaries are only to be read and studied <i><u>after<\/u><\/i> one receives a Highest Yoga Tantra empowerment.<\/p>\n<\/blockquote>\n<\/div><\/div><\/div><\/div><\/div><div class=\"fusion-fullwidth fullwidth-box fusion-builder-row-2 fusion-flex-container has-pattern-background has-mask-background nonhundred-percent-fullwidth non-hundred-percent-height-scrolling\" style=\"--awb-border-radius-top-left:0px;--awb-border-radius-top-right:0px;--awb-border-radius-bottom-right:0px;--awb-border-radius-bottom-left:0px;--awb-flex-wrap:wrap;\" ><div class=\"fusion-builder-row fusion-row fusion-flex-align-items-flex-start fusion-flex-content-wrap\" style=\"max-width:104%;margin-left: calc(-4% \/ 2 );margin-right: calc(-4% \/ 2 );\"><div class=\"fusion-layout-column fusion_builder_column fusion-builder-column-1 fusion_builder_column_1_1 1_1 fusion-flex-column\" style=\"--awb-bg-size:cover;--awb-width-large:100%;--awb-margin-top-large:0px;--awb-spacing-right-large:1.92%;--awb-margin-bottom-large:10px;--awb-spacing-left-large:1.92%;--awb-width-medium:100%;--awb-order-medium:0;--awb-spacing-right-medium:1.92%;--awb-spacing-left-medium:1.92%;--awb-width-small:100%;--awb-order-small:0;--awb-spacing-right-small:1.92%;--awb-spacing-left-small:1.92%;\"><div class=\"fusion-column-wrapper fusion-column-has-shadow fusion-flex-justify-content-flex-start fusion-content-layout-column\"><div class=\"fusion-text fusion-text-2\"><h3>Before Receiving a Highest Yoga Tantra Empowerment<\/h3>\n<\/div><\/div><\/div><div class=\"fusion-layout-column fusion_builder_column fusion-builder-column-2 fusion_builder_column_1_2 1_2 fusion-flex-column\" style=\"--awb-bg-size:cover;--awb-width-large:50%;--awb-margin-top-large:0px;--awb-spacing-right-large:3.84%;--awb-margin-bottom-large:10px;--awb-spacing-left-large:3.84%;--awb-width-medium:50%;--awb-order-medium:0;--awb-spacing-right-medium:3.84%;--awb-spacing-left-medium:3.84%;--awb-width-small:100%;--awb-order-small:0;--awb-spacing-right-small:1.92%;--awb-spacing-left-small:1.92%;\"><div class=\"fusion-column-wrapper fusion-column-has-shadow fusion-flex-justify-content-flex-start fusion-content-layout-column\"><div class=\"fusion-text fusion-text-3\"><ul>\n<li>Berzin, Alexander. <em>Six-Session Yoga: Theory<\/em>. <strong><a href=\"https:\/\/studybuddhism.com\/en\/advanced-studies\/prayers-rituals\/tantric-practices\/commentary-on-an-extensive-six-session-yoga-dr-berzin\/six-session-yoga-theory\" target=\"_blank\" rel=\"noopener\">studybuddhism.com<\/a><br \/>\n<\/strong>The&nbsp;<abbr class=\"definition\" data-tippy-content=\"six-session yoga: In Gelug, a practice, recited six times daily, required of those who have received an anuttarayoga empowerment, through which they keep the nineteen closely bonding practices for the five Buddha-families.\" data-definition=\"six-session yoga\">six-session yoga<\/abbr>&nbsp;is a practice that helps us to keep the commitments from receiving an&nbsp;<abbr class=\"definition\" data-tippy-content=\"initiation: A tantric ritual, found in all four classes of tantra, that activates and empowers Buddha-nature factors to grow so that, through repeated, sustained tantric practice, they will eventually transform into the Three Corpuses (Bodies) of a Buddha. An empowerment also plants new seeds, or potentials, that will likewise grow in the same manner.\" data-definition=\"initiation\">initiation<\/abbr>&nbsp;or&nbsp;<abbr class=\"definition\" data-tippy-content=\"empowerment: (Skt. abhi\u1e63eka) A tantric ritual, found in all four classes of tantra, that activates and empowers Buddha-nature factors to grow so that, through repeated, sustained tantric practice, they will eventually transform into the Three Corpuses (Bodies) of a Buddha. An empowerment also plants new seeds, or potentials, that will likewise grow in the same manner.\" data-definition=\"empowerment\">empowerment<\/abbr>&nbsp;in the anuttarayoga class of&nbsp;<abbr class=\"definition\" data-tippy-content=\"tantra: (Skt. tantra) (1) An everlasting stream of continuity. On the causal level, the mental continuum, with its various aspects of Buddha-nature. On the pathway level, the continuity of practices involving Buddha-figures. On the resultant level, the continuity of the various corpuses or bodies of a Buddha. (2) The texts that discuss the above topics.\" data-definition=\"tantra\">tantra<\/abbr>.<\/li>\n<li><em>Introduction to Tantra.<\/em> Playlist. 18 videos. <strong><a href=\"https:\/\/www.youtube.com\/playlist?list=PLmwNxnqETH9kAvKsI6IbNJYbGfOBkPyPI\" target=\"_blank\" rel=\"noopener\">youtube.com<\/a><\/strong><\/li>\n<\/ul>\n<\/div><\/div><\/div><div class=\"fusion-layout-column fusion_builder_column fusion-builder-column-3 fusion_builder_column_1_2 1_2 fusion-flex-column\" style=\"--awb-bg-size:cover;--awb-width-large:50%;--awb-margin-top-large:0px;--awb-spacing-right-large:3.84%;--awb-margin-bottom-large:10px;--awb-spacing-left-large:3.84%;--awb-width-medium:50%;--awb-order-medium:0;--awb-spacing-right-medium:3.84%;--awb-spacing-left-medium:3.84%;--awb-width-small:100%;--awb-order-small:0;--awb-spacing-right-small:1.92%;--awb-spacing-left-small:1.92%;\"><div class=\"fusion-column-wrapper fusion-column-has-shadow fusion-flex-justify-content-flex-start fusion-content-layout-column\"><div class=\"fusion-video fusion-youtube\" style=\"--awb-max-width:600px;--awb-max-height:350px;\"><div class=\"video-shortcode\"><div class=\"fluid-width-video-wrapper\" style=\"padding-top:58.33%;\" ><iframe title=\"YouTube video player 1\" src=\"https:\/\/www.youtube.com\/embed\/EW611AFJsbE?wmode=transparent&autoplay=0\" width=\"600\" height=\"350\" allowfullscreen allow=\"autoplay; clipboard-write; encrypted-media; gyroscope; picture-in-picture;\"><\/iframe><\/div><\/div><\/div><\/div><\/div><\/div><\/div><div class=\"fusion-fullwidth fullwidth-box fusion-builder-row-3 fusion-flex-container has-pattern-background has-mask-background nonhundred-percent-fullwidth non-hundred-percent-height-scrolling\" style=\"--awb-border-radius-top-left:0px;--awb-border-radius-top-right:0px;--awb-border-radius-bottom-right:0px;--awb-border-radius-bottom-left:0px;--awb-flex-wrap:wrap;\" ><div class=\"fusion-builder-row fusion-row fusion-flex-align-items-flex-start fusion-flex-content-wrap\" style=\"max-width:104%;margin-left: calc(-4% \/ 2 );margin-right: calc(-4% \/ 2 );\"><div class=\"fusion-layout-column fusion_builder_column fusion-builder-column-4 fusion_builder_column_1_1 1_1 fusion-flex-column\" style=\"--awb-bg-size:cover;--awb-width-large:100%;--awb-margin-top-large:0px;--awb-spacing-right-large:1.92%;--awb-margin-bottom-large:10px;--awb-spacing-left-large:1.92%;--awb-width-medium:100%;--awb-order-medium:0;--awb-spacing-right-medium:1.92%;--awb-spacing-left-medium:1.92%;--awb-width-small:100%;--awb-order-small:0;--awb-spacing-right-small:1.92%;--awb-spacing-left-small:1.92%;\"><div class=\"fusion-column-wrapper fusion-column-has-shadow fusion-flex-justify-content-flex-start fusion-content-layout-column\"><div class=\"fusion-text fusion-text-4\"><h3>&nbsp;After Receiving a Highest Yoga Tantra Empowerment:<\/h3>\n<\/div><div class=\"fusion-text fusion-text-5\"><h4>Root Text<\/h4>\n<ul>\n<li><a href=\"https:\/\/shop.fpmt.org\/Six-Session-Guru-Yoga-eBook-PDF_p_1297.html\" target=\"_blank\" rel=\"noopener\"><strong>Six Session Guru Yoga<\/strong>.<\/a> Arranged by Phabongkha Dechen Nyingpo, translated by Joona Repo. 2020. FPMT. (eBook and PDF)<br \/>\nThis practice is restricted to only those with the appropriate tantric initiation.&nbsp;You need to have received an initiation (<i>wang<\/i>) of the yoga tantra or highest yoga tantra class in order to read this text. If you are unsure whether you are qualified or not, please email education@fpmt.org. By ordering this text, you confirm that you have received the appropriate initiation.<\/li>\n<li><a href=\"https:\/\/shop.fpmt.org\/FPMT-Retreat-Prayer-Book-PDF_p_3038.html\" target=\"_blank\" rel=\"noopener\"><strong>FPMT Retreat Prayer Book: Prayers and Practices for Retreat<\/strong><\/a><strong>.<\/strong> 2020 edition. Includes Six-Session Guru Yogas. FPMT. (PDF)<\/li>\n<\/ul>\n<h4>Commentaries<\/h4>\n<ul>\n<li><strong><a href=\"https:\/\/shop.fpmt.org\/Six-Session-Guru-Yoga-Commentary-eBook-PDF_p_2504.html\" target=\"_blank\" rel=\"noopener\">Six Session Guru Yoga Commentary<\/a> <\/strong>by Lama Zopa Rinpoche. 2024 reissue. FPMT. (eBook and PDF)<\/li>\n<li><strong><em>Six-session Guru Yoga: An Oral Commentary <\/em><em style=\"font-size: 16px\">with a Detailed Explanation of the Bodhisattva and Tantric Vows<\/em><\/strong><span style=\"font-size: 16px\"><strong>.<\/strong> Commentary by Sermey Khensur Lobsang Tharchin. 1999. Mahayana Sutra and Tantra Press. <\/span><strong><a style=\"font-size: 16px\" href=\"https:\/\/maitripa.populiweb.com\/router\/library\/resources\/8310763\/show\" target=\"_blank\" rel=\"noopener\">JABL<\/a><\/strong><\/li>\n<li><strong><em>Six-Session Guru Yoga<\/em>.<\/strong> Commentary by H.E. Zong Rinpoche. 2023. <strong><a href=\"https:\/\/www.gstdl.org\/courses\/six-session-guru-yoga\" target=\"_blank\" rel=\"noopener\">gstdl.org<\/a><\/strong> (audio)\n<div class=\"course-main-info-wrapper\">\n<div class=\"main-course-info-title info\">Text author: Losang Ch\u00f6kyi Gy\u00e4lts\u00e4n, Pabongka Rinpoche, &amp; Ngulchu Jedrung<\/div>\n<\/div>\n<div class=\"course-main-info-wrapper\">\n<div class=\"main-course-info-title\">Prerequisites:&nbsp;Highest Yoga Tantra Empowerments<\/div>\n<\/div>\n<div class=\"course-main-info-wrapper\">\n<div class=\"main-course-info-title\">Level:&nbsp;Advanced<\/div>\n<\/div>\n<\/li>\n<\/ul>\n<\/div><\/div><\/div><\/div><\/div><div class=\"fusion-fullwidth fullwidth-box fusion-builder-row-4 fusion-flex-container has-pattern-background has-mask-background nonhundred-percent-fullwidth non-hundred-percent-height-scrolling\" style=\"--awb-border-radius-top-left:0px;--awb-border-radius-top-right:0px;--awb-border-radius-bottom-right:0px;--awb-border-radius-bottom-left:0px;--awb-flex-wrap:wrap;\" ><div class=\"fusion-builder-row fusion-row fusion-flex-align-items-flex-start fusion-flex-content-wrap\" style=\"max-width:104%;margin-left: calc(-4% \/ 2 );margin-right: calc(-4% \/ 2 );\"><div class=\"fusion-layout-column fusion_builder_column fusion-builder-column-5 fusion_builder_column_1_3 1_3 fusion-flex-column\" style=\"--awb-bg-size:cover;--awb-width-large:33.333333333333%;--awb-margin-top-large:0px;--awb-spacing-right-large:5.76%;--awb-margin-bottom-large:10px;--awb-spacing-left-large:5.76%;--awb-width-medium:33.333333333333%;--awb-order-medium:0;--awb-spacing-right-medium:5.76%;--awb-spacing-left-medium:5.76%;--awb-width-small:100%;--awb-order-small:0;--awb-spacing-right-small:1.92%;--awb-spacing-left-small:1.92%;\"><div class=\"fusion-column-wrapper fusion-column-has-shadow fusion-flex-justify-content-flex-start fusion-content-layout-column\"><div class=\"fusion-text fusion-text-6\"><p>&nbsp;<\/p>\n<p>Jhado Rinpoche teaches in January of 2022 on Six-session Guru Yoga and the Three Kayas at Maitripa College. Rinpoche provides an explanation of the practice experience, detailing why and how the samaya of the Five Buddha Families and the practice of Taking the Three Kayas as the Path are integrated into the Six-session Guru Yoga in Highest Yoga Tantra.<\/p>\n<\/div><\/div><\/div><div class=\"fusion-layout-column fusion_builder_column fusion-builder-column-6 fusion_builder_column_2_3 2_3 fusion-flex-column\" style=\"--awb-bg-size:cover;--awb-width-large:66.666666666667%;--awb-margin-top-large:0px;--awb-spacing-right-large:2.88%;--awb-margin-bottom-large:10px;--awb-spacing-left-large:2.88%;--awb-width-medium:66.666666666667%;--awb-order-medium:0;--awb-spacing-right-medium:2.88%;--awb-spacing-left-medium:2.88%;--awb-width-small:100%;--awb-order-small:0;--awb-spacing-right-small:1.92%;--awb-spacing-left-small:1.92%;\"><div class=\"fusion-column-wrapper fusion-column-has-shadow fusion-flex-justify-content-flex-start fusion-content-layout-column\"><div class=\"fusion-video fusion-youtube\" style=\"--awb-max-width:600px;--awb-max-height:350px;\"><div class=\"video-shortcode\"><div class=\"fluid-width-video-wrapper\" style=\"padding-top:58.33%;\" ><iframe title=\"YouTube video player 2\" src=\"https:\/\/www.youtube.com\/embed\/ryO9oIpRdIo?wmode=transparent&autoplay=0\" width=\"600\" height=\"350\" allowfullscreen allow=\"autoplay; clipboard-write; encrypted-media; gyroscope; picture-in-picture;\"><\/iframe><\/div><\/div><\/div><\/div><\/div><\/div><\/div><div class=\"fusion-fullwidth fullwidth-box fusion-builder-row-5 fusion-flex-container has-pattern-background has-mask-background nonhundred-percent-fullwidth non-hundred-percent-height-scrolling\" style=\"--awb-border-radius-top-left:0px;--awb-border-radius-top-right:0px;--awb-border-radius-bottom-right:0px;--awb-border-radius-bottom-left:0px;--awb-flex-wrap:wrap;\" ><div class=\"fusion-builder-row fusion-row fusion-flex-align-items-flex-start fusion-flex-content-wrap\" style=\"max-width:104%;margin-left: calc(-4% \/ 2 );margin-right: calc(-4% \/ 2 );\"><div class=\"fusion-layout-column fusion_builder_column fusion-builder-column-7 fusion_builder_column_1_1 1_1 fusion-flex-column\" style=\"--awb-bg-size:cover;--awb-width-large:100%;--awb-margin-top-large:0px;--awb-spacing-right-large:1.92%;--awb-margin-bottom-large:10px;--awb-spacing-left-large:1.92%;--awb-width-medium:100%;--awb-order-medium:0;--awb-spacing-right-medium:1.92%;--awb-spacing-left-medium:1.92%;--awb-width-small:100%;--awb-order-small:0;--awb-spacing-right-small:1.92%;--awb-spacing-left-small:1.92%;\"><div class=\"fusion-column-wrapper fusion-column-has-shadow fusion-flex-justify-content-flex-start fusion-content-layout-column\"><div class=\"fusion-text fusion-text-7\"><h3>Included in Tantric Empowerment<\/h3>\n<\/div><div class=\"fusion-text fusion-text-8\"><ul>\n<li><a href=\"https:\/\/shop.fpmt.org\/Bodhisattva-Vows-PDF_p_1348.html\" target=\"_blank\" rel=\"noopener\"><strong>Bodhisattva Vows.<\/strong><\/a> 2017 edition. FPMT. (PDF)<\/li>\n<\/ul>\n<\/div><\/div><\/div><\/div><\/div><div class=\"fusion-fullwidth fullwidth-box fusion-builder-row-6 fusion-flex-container has-pattern-background has-mask-background nonhundred-percent-fullwidth non-hundred-percent-height-scrolling\" style=\"--awb-border-radius-top-left:0px;--awb-border-radius-top-right:0px;--awb-border-radius-bottom-right:0px;--awb-border-radius-bottom-left:0px;--awb-flex-wrap:wrap;\" ><div class=\"fusion-builder-row fusion-row fusion-flex-align-items-flex-start fusion-flex-content-wrap\" style=\"max-width:104%;margin-left: calc(-4% \/ 2 );margin-right: calc(-4% \/ 2 );\"><div class=\"fusion-layout-column fusion_builder_column fusion-builder-column-8 fusion_builder_column_1_1 1_1 fusion-flex-column\" style=\"--awb-bg-size:cover;--awb-width-large:100%;--awb-margin-top-large:0px;--awb-spacing-right-large:1.92%;--awb-margin-bottom-large:10px;--awb-spacing-left-large:1.92%;--awb-width-medium:100%;--awb-order-medium:0;--awb-spacing-right-medium:1.92%;--awb-spacing-left-medium:1.92%;--awb-width-small:100%;--awb-order-small:0;--awb-spacing-right-small:1.92%;--awb-spacing-left-small:1.92%;\"><div class=\"fusion-column-wrapper fusion-column-has-shadow fusion-flex-justify-content-flex-start fusion-content-layout-column\"><\/div><\/div><\/div><\/div><div class=\"fusion-fullwidth fullwidth-box fusion-builder-row-7 fusion-flex-container nonhundred-percent-fullwidth non-hundred-percent-height-scrolling\" style=\"--awb-border-radius-top-left:0px;--awb-border-radius-top-right:0px;--awb-border-radius-bottom-right:0px;--awb-border-radius-bottom-left:0px;--awb-flex-wrap:wrap;\" ><div class=\"fusion-builder-row fusion-row fusion-flex-align-items-flex-start fusion-flex-content-wrap\" style=\"max-width:104%;margin-left: calc(-4% \/ 2 );margin-right: calc(-4% \/ 2 );\"><\/div><\/div><div class=\"fusion-fullwidth fullwidth-box fusion-builder-row-8 fusion-flex-container nonhundred-percent-fullwidth non-hundred-percent-height-scrolling\" style=\"--awb-border-radius-top-left:0px;--awb-border-radius-top-right:0px;--awb-border-radius-bottom-right:0px;--awb-border-radius-bottom-left:0px;--awb-flex-wrap:wrap;\" ><div class=\"fusion-builder-row fusion-row fusion-flex-align-items-flex-start fusion-flex-content-wrap\" style=\"max-width:104%;margin-left: calc(-4% \/ 2 );margin-right: calc(-4% \/ 2 );\"><\/div><\/div><div class=\"fusion-fullwidth fullwidth-box fusion-builder-row-9 fusion-flex-container has-pattern-background has-mask-background nonhundred-percent-fullwidth non-hundred-percent-height-scrolling\" style=\"--awb-border-radius-top-left:0px;--awb-border-radius-top-right:0px;--awb-border-radius-bottom-right:0px;--awb-border-radius-bottom-left:0px;--awb-background-color:#f1f1f1;--awb-flex-wrap:wrap;\" ><div class=\"fusion-builder-row fusion-row fusion-flex-align-items-flex-start fusion-flex-content-wrap\" style=\"max-width:104%;margin-left: calc(-4% \/ 2 );margin-right: calc(-4% \/ 2 );\"><div class=\"fusion-layout-column fusion_builder_column fusion-builder-column-9 fusion_builder_column_1_1 1_1 fusion-flex-column\" style=\"--awb-bg-size:cover;--awb-width-large:100%;--awb-margin-top-large:0px;--awb-spacing-right-large:1.92%;--awb-margin-bottom-large:0px;--awb-spacing-left-large:1.92%;--awb-width-medium:100%;--awb-spacing-right-medium:1.92%;--awb-spacing-left-medium:1.92%;--awb-width-small:100%;--awb-spacing-right-small:1.92%;--awb-spacing-left-small:1.92%;\"><div class=\"fusion-column-wrapper fusion-flex-justify-content-flex-start fusion-content-layout-column\"><div class=\"fusion-text fusion-text-9\"><p>&nbsp;<\/p>\n<hr>\n<p>&nbsp;<\/p>\n<h5>Subject Guides<\/h5>\n<h5 style=\"text-align: center\"><a href=\"https:\/\/maitripa.org\/library\/subject-guides\/action-research-project\/\">Action Research Project<\/a>&nbsp;&nbsp; |&nbsp;&nbsp; <a href=\"https:\/\/maitripa.org\/library\/subject-guides\/bodhisattva-ethics\/\">Bodhisattva Ethics<\/a>&nbsp;&nbsp; |&nbsp;&nbsp; <a href=\"https:\/\/maitripa.org\/library\/subject-guides\/buddha-nature\/\">Buddha Nature<\/a>&nbsp;&nbsp; |&nbsp;&nbsp; <a href=\"https:\/\/maitripa.org\/library\/subject-guides\/buddhist-psychology\/\">Buddhist Psychology<\/a>&nbsp;&nbsp; |&nbsp;&nbsp; <a href=\"https:\/\/maitripa.org\/library\/subject-guides\/calm-abiding\/\">Calm Abiding<\/a> &nbsp; |&nbsp; &nbsp;<a href=\"https:\/\/maitripa.org\/library\/subject-guides\/chittamatra\/\">Chittamatra<\/a>&nbsp; &nbsp;|&nbsp; &nbsp;<a href=\"https:\/\/maitripa.org\/library\/subject-guides\/classical-tibetan-texts-and-translation\/\">Classical Tibetan, Texts, Translation<\/a>&nbsp;&nbsp; |&nbsp;&nbsp; <a href=\"https:\/\/maitripa.org\/library\/subject-guides\/death-and-dying\/\">Death and Dying<\/a>&nbsp;&nbsp; |&nbsp;&nbsp; <a href=\"https:\/\/maitripa.org\/library\/subject-guides\/ganden-kagyu-mahamudra\/\">Ganden-Kagyu Mahamudra<\/a> &nbsp; |&nbsp; &nbsp;<a href=\"https:\/\/maitripa.org\/library\/subject-guides\/history-of-buddhism-in-india-and-tibet\/\">History of Buddhism in India and Tibet&nbsp;<\/a> &nbsp;|&nbsp; &nbsp;<a href=\"https:\/\/maitripa.org\/library\/subject-guides\/kangyur-and-tengyur\/\">Kangyur and Tengyur<\/a>&nbsp; &nbsp;|&nbsp; &nbsp;<a href=\"https:\/\/maitripa.org\/library\/subject-guides\/lamrim\/\">Lamrim<\/a>&nbsp;&nbsp; |&nbsp;&nbsp; <a href=\"https:\/\/maitripa.org\/library\/subject-guides\/lojong\/\">Lojong<\/a>&nbsp;&nbsp; |&nbsp;&nbsp; <a href=\"https:\/\/maitripa.org\/library\/subject-guides\/madhyamaka\/\">Madhyamaka<\/a> &nbsp; |&nbsp; &nbsp;<a href=\"https:\/\/maitripa.org\/library\/subject-guides\/six-session-guru-yoga-and-highest-yoga-tantra-empowerment\/\" target=\"_blank\" rel=\"noopener\">Six-Session Guru Yoga<\/a>&nbsp; &nbsp;|&nbsp; &nbsp;<a href=\"https:\/\/maitripa.org\/library\/subject-guides\/songs-of-realization\/\">Songs of Realization<\/a>&nbsp;&nbsp; |&nbsp;&nbsp; <a href=\"https:\/\/maitripa.org\/library\/subject-guides\/tantra-in-tibet\/\">Tantra in Tibet<\/a>&nbsp; |&nbsp; <a href=\"https:\/\/maitripa.org\/library\/subject-guides\/theories-and-methods-of-buddhist-studies\/\">Theories and Methods in Buddhist Studies<\/a>&nbsp; &nbsp;|&nbsp; &nbsp;<a href=\"https:\/\/maitripa.org\/library\/subject-guides\/tibetan-medicine\/\">Tibetan Medicine<\/a><\/h5>\n<\/div><\/div><\/div><\/div><\/div>\n<\/p>\n","protected":false},"excerpt":{"rendered":"","protected":false},"author":13,"featured_media":0,"parent":950,"menu_order":0,"comment_status":"closed","ping_status":"closed","template":"100-width.php","meta":{"ngg_post_thumbnail":0,"footnotes":""},"class_list":["post-2621","page","type-page","status-publish","hentry"],"_links":{"self":[{"href":"https:\/\/maitripa.org\/library\/wp-json\/wp\/v2\/pages\/2621","targetHints":{"allow":["GET"]}}],"collection":[{"href":"https:\/\/maitripa.org\/library\/wp-json\/wp\/v2\/pages"}],"about":[{"href":"https:\/\/maitripa.org\/library\/wp-json\/wp\/v2\/types\/page"}],"author":[{"embeddable":true,"href":"https:\/\/maitripa.org\/library\/wp-json\/wp\/v2\/users\/13"}],"replies":[{"embeddable":true,"href":"https:\/\/maitripa.org\/library\/wp-json\/wp\/v2\/comments?post=2621"}],"version-history":[{"count":5,"href":"https:\/\/maitripa.org\/library\/wp-json\/wp\/v2\/pages\/2621\/revisions"}],"predecessor-version":[{"id":2636,"href":"https:\/\/maitripa.org\/library\/wp-json\/wp\/v2\/pages\/2621\/revisions\/2636"}],"up":[{"embeddable":true,"href":"https:\/\/maitripa.org\/library\/wp-json\/wp\/v2\/pages\/950"}],"wp:attachment":[{"href":"https:\/\/maitripa.org\/library\/wp-json\/wp\/v2\/media?parent=2621"}],"curies":[{"name":"wp","href":"https:\/\/api.w.org\/{rel}","templated":true}]}}